
5
Let q be (-2)/3 + (-32)/6. Let f(m) = -m**3 - 5*m**2 + 6*m - 1. Determine f(q).
-1
Let l be (2/4)/((-9)/(-18)). Let m(y) = y + 8*y**2 + 2 - 2. Calculate m(l).
9
Let o(p) = p**3 + p**2 + p. Let s = -9 + 11. Suppose 3 = -5*u - s. Determine o(u).
-1
Suppose -3*t = -34 - 5. Suppose -4*g - 3 = t. Let d(x) = 6*x - 5*x + 5 + 4. Give d(g).
5
Suppose -4*a = -2*a. Let g = 37 + -34. Let r(j) = -10 - g*j**2 + 2*j**2 + 2*j - 3*j. Determine r(a).
-10
Suppose -5*p = -0*p - 25. Suppose 19 = 3*b - p*f, -2*f = -3*f - 2. Let s(h) = -h**3 + 4*h**2 + 2*h - 2. Determine s(b).
13
Let y(c) = c**2 - 3*c - 1. Let b = -52 - -56. What is y(b)?
3
Let s(a) be the first derivative of -a**3/3 - a**2/2 - 9*a - 10. Calculate s(0).
-9
Let w(c) be the first derivative of -c**4 + 11*c**3/3 + c**2/2 + c - 2. Let y(z) = -3*z**3 + 10*z**2 + z + 1. Let b(o) = 4*w(o) - 5*y(o). Determine b(-6).
5
Suppose -3*c - 100 = t - 3*t, 160 = -4*c - 4*t. Let x be c/28 + (-2)/(-7). Let k(b) = b**3 + 2*b**2 - 1. Calculate k(x).
0
Let s(z) = -5 + z - 8*z + 13 + 5*z. Calculate s(6).
-4
Let i(k) be the second derivative of -k**5/10 + k**4 - 7*k**3/3 + 15*k**2/2 - 4*k. Let u(z) = z**3 - 6*z**2 + 7*z - 8. Let n(d) = -4*i(d) - 7*u(d). Give n(5).
6
Suppose -5 = -3*i + 2*i, -4*i + 20 = n. Let b(s) be the second derivative of s - 5/6*s**3 + 1/12*s**4 + n - s**2. Give b(4).
-6
Let a(t) = t**3 + t**2 - 1. Let o(z) = 3*z**3 + 3*z**2 + z + 3. Let g(h) = 4*a(h) - o(h). What is g(0)?
-7
Let x(a) = -2*a - 4. Suppose 0 = 2*h - q + 11, 2*h + q + 17 = -3*h. Determine x(h).
4
Let h be 3/9*0 - -2. Let w = 66 + -44. Let o(d) = 23*d**3 - w*d**3 + d + d**h - 1 + 0*d. Determine o(-2).
-7
Let q(f) = -f**3 - 5*f**2 - f - 6. Let s(k) = -k**3 + 9*k**2 - k + 4. Suppose 5*y - 36 = y. Let o be s(y). Give q(o).
-1
Let q(c) = -c**3 + 4*c - 86*c**2 + 80*c**2 + 9 + 2*c. Determine q(-7).
16
Let h(o) be the first derivative of -o**4/4 - o**3 + 3*o**2/2 + 3*o + 1. Give h(-4).
7
Let y(u) = -u**2 + 4*u - 4. Suppose 0 = l, 5*q + 1 = 3*l + 16. Calculate y(q).
-1
Let t(h) = 3*h**2 - 9*h + 4. Let d = -3 - -1. Let f(o) = -o**2 + 3*o - 1. Let y(l) = d*t(l) - 7*f(l). Calculate y(2).
-3
Let j be -9*1/(-9)*-3. Let t(m) = -m**2 - 5*m - 3. Determine t(j).
3
Let j = -18 - -18. Let v(x) = x. Determine v(j).
0
Let g(l) = l**3 - 4*l**2 + 4*l. Let h be g(3). Let f(k) = -k**h - 3 - 4*k + 0*k + 4*k + 6*k**2 - 5*k. Calculate f(4).
9
Let s(q) = -5*q**2 - 5*q + 4. Let k(g) = -g**2 - g + 1. Let o(l) = 4*k(l) - s(l). Determine o(-1).
0
Let w(v) be the third derivative of -v**4/12 - 2*v**2. Let p = -2 + 5. Give w(p).
-6
Suppose 2*f + 2*f - 8 = 0. Suppose 5*o = -f*r + 135, 3*o + 4*r = o + 54. Suppose -3*w - w - 3 = b, w = 5*b - o. Let k(c) = -c**2 + 3*c + 7. Calculate k(b).
-3
Suppose -8*c + 55 = -3*c. Let n = -17 + c. Let z(f) = f + 5. Determine z(n).
-1
Let a be 0 - ((-14)/2 - -5). Let g be -1*-2*(1 - 0). Let v(n) = -9 + 10 + 2*n**g + 5 - n**a. Determine v(0).
6
Let v(j) be the third derivative of -j**4/24 - j**3/2 - j**2. Suppose -2*g = -4*t - 0*t - 12, -4 = t. Let z be g/(-5) + (-54)/(-15). Give v(z).
-7
Suppose 3*v = 2 + 7. Let b(m) = -m - 7*m**v + 6*m + m**2 + 0*m**3 - 4*m. Give b(-1).
7
Let f(t) = -t**2 - 11*t - 5. Let w be f(-4). Let s = w + -18. Let n(y) = -1 + 7*y - 2*y - y**2 - 2. Give n(s).
-3
Let d(f) = -f**3 + 6*f**2 - f + 2. Let o(x) = 2*x**3 - 7*x**2 + 2*x - 3. Let s(y) = 3*d(y) + 2*o(y). What is s(-4)?
-4
Suppose 0 = a + i + 4 - 0, 3 = 3*a - 2*i. Let h = a + 6. Let r(s) = 1 + 2*s - 7 - s. What is r(h)?
-1
Let o(p) = 7 - 1 + 0*p - p. Let x be 0/(1*-2 + 1). Suppose -5*q - 5*j + 25 = x, -3*q - 10 = -0*q - 2*j. Determine o(q).
6
Let b = -53 - -48. Let g(a) = a**3 + 5*a**2 + 5. Give g(b).
5
Suppose 22*h + 13 = -9. Let y(i) = i - 1 + 4 + 7*i**2 - 2. What is y(h)?
7
Let s = 100 - 111. Let c(q) = q + 13. What is c(s)?
2
Let q(g) be the second derivative of 5*g**4/6 + g**3/6 + g**2/2 + 8*g + 4. Calculate q(-1).
10
Let r(k) = k**3 - 3*k**2 + 2*k - 1. Let q(o) = o**3 + 2*o**2 - o + 1. Let g be q(-2). Calculate r(g).
5
Let b(o) be the third derivative of o**5/15 + o**4/24 + 5*o**3/6 - 2*o**2. Let h(t) = 9*t**2 + 2*t + 9. Let v(u) = 7*b(u) - 3*h(u). Calculate v(0).
8
Let q(u) be the first derivative of u**4/12 + 7*u**3/6 + 5*u**2/2 + 3*u - 5. Let c(w) be the first derivative of q(w). What is c(-5)?
-5
Let k be 6/(-8)*-4 + 1. Suppose -2*r + 11 = r - o, -k*o = -3*r + 8. Let x(d) = d - 2. Calculate x(r).
2
Let w(c) = c + 1. Let y be 4/6 + (-3)/(-9). What is w(y)?
2
Let x(l) = l**3 + l**2 - l - 1. Let q(f) = -f**2 + f + 4. Let v be q(3). What is x(v)?
-3
Let b(p) = -2*p**3 + 25*p**2 + 15*p - 26. Let n be b(13). Let u(r) = -3*r**3 - 1. Let s be u(-1). Let h(w) = 2 - 2*w**2 + w**3 + 2*w**s - w**2. Calculate h(n).
2
Let v(q) be the third derivative of q**6/120 + q**5/60 - q**4/6 - q**3/2 + 12*q**2. What is v(-2)?
1
Let a be (-4)/22 - (-172)/(-22). Let i(j) = -j**3 - 8*j**2 - 2*j - 11. Calculate i(a).
5
Suppose 0 = 5*y + 10, l + 4*y = 6*l + 12. Let o(x) = 241*x**2 + 6*x + 2*x**3 - 3*x**3 - 244*x**2 + 5. Give o(l).
-3
Let p(q) = -2*q**3 + q + 1. Suppose 4*k + k = 0. Suppose -4*n + 3*n = -3*f - 4, k = 5*n + f + 12. What is p(n)?
15
Suppose 0 = -2*z + 10 - 4. Let k(c) be the first derivative of 1 - c**2 + 3*c + 1/3*c**z. Calculate k(2).
3
Suppose -6 = 4*k + 2*m, 4*m = -2*k - 0*m - 18. Let y(j) = -10*j + 1. Give y(k).
-9
Let c = -5 - 1. Let i(w) be the second derivative of w**5/20 + w**4/2 + w**3/3 + w**2/2 + 22*w. Give i(c).
-11
Let w(a) be the first derivative of 1/2*a**2 - 6 + 0*a. Give w(-3).
-3
Let n(l) be the third derivative of -l**4/24 + l**3/6 - 6*l**2. Determine n(6).
-5
Let w(t) = t + 2*t + 3 + t. Let b be 36/24 - (-14)/(-4). Give w(b).
-5
Let u(x) = 11*x + 2. Let y(t) = t**3 - 2*t**2 - 7*t - 1. Let q be y(4). Let v(k) = -k - 1. Let c(p) = q*v(p) + u(p). Suppose 0 = -2*s - 1 + 3. Calculate c(s).
7
Let m(q) = -q**3 + 11*q**2 + 13*q - 1. Let c be m(12). Let g = c + -15. Let x(v) = 8*v + 15. Let t(w) = -3*w - 5. Let u(s) = 11*t(s) + 4*x(s). Determine u(g).
9
Let s(v) = -5*v**3 - 2*v**2 - 6*v + 3. Let b(y) = -11*y**3 - 4*y**2 - 13*y + 7. Let c(m) = 4*b(m) - 9*s(m). Give c(-1).
0
Let k(a) = -7*a - 1 - 3 + 3*a. Determine k(-4).
12
Let r(v) = -v**2 - 7*v - 9. Let q be ((-1)/4 - -1)*(-16 - -8). Determine r(q).
-3
Let i be 150/70 + 2/(-14). Suppose 6 + i = -2*o. Let a(w) = -w - 3. Give a(o).
1
Let t(g) be the first derivative of -g**4/4 + 3*g**3 + 6*g**2 - 14*g + 30. What is t(10)?
6
Suppose f - 7 + 4 = 0. Suppose -4*p - 45 = p + f*m, -2*m = -2*p - 2. Let w(x) = x - 6. What is w(p)?
-12
Let b(t) = t + 9. Let j be b(-8). Let k(m) = 19*m**3 - 2*m**2 - 3*m + 3. Let o(f) = -10*f**3 + f**2 + 2*f - 2. Let x(c) = 3*k(c) + 5*o(c). Calculate x(j).
6
Let u(w) = w - 1. Let d = 1 + 5. Suppose -5 + d = a. Determine u(a).
0
Let d(z) = z**3 + 3*z**2 + 3. Let i be d(-3). Let c(r) = -r**3 + 2*r**2 + 3*r - 4. Give c(i).
-4
Let j(k) be the first derivative of k**2 + k + 20. Give j(-2).
-3
Let s(l) = -1 - 3*l + 90*l**2 + 0*l - 95*l**2 + 4*l. Give s(1).
-5
Let h(d) be the first derivative of -d**4/4 + 4*d**3/3 - 5*d - 3. Let b be (8/(-5))/((-6)/15). Give h(b).
-5
Suppose -4*n = -2*b + 36, 0 = -2*n - 2*n - 3*b - 16. Let z(k) = 2*k + 6. Determine z(n).
-8
Let y(g) be the second derivative of -g**5/20 + g**4/12 + g**3/6 - g**2/2 - 6*g. Let s(c) = -1. Let b(v) = 4*s(v) - y(v). Give b(0).
-3
Let l(k) = 6*k**2 + 5*k - 10*k**2 + 0*k**3 - 6 - k**3. Determine l(-5).
-6
Let u(t) = -t**3 - 6*t**2 - 3*t - 1. Let m(a) = 2*a + 11. Let x be m(-8). Give u(x).
-11
Let w(n) = -n**3 + 7*n**2 - 6*n. Let b be w(6). Let d(f) = 4 + 3*f + b - 5*f - 4*f**3 - 5 - f**2. What is d(-1)?
4
Let z(p) = 0*p + p - 1 - 4. Suppose 23 = -4*r + 123. Suppose a - r = -3*j - 4*a, 5 = -4*j + a. Calculate z(j).
-5
Let z(i) be the first derivative of -i**4/24 + i**3/6 - i**2 + 3. Let a(g) be the second derivative of z(g). Give a(3).
-2
Suppose 11*h + 2 + 9 = 0. Let j(n) = 3*n + 1 + 3 - 5. Calculate j(h).
-4
Suppose z = 4*z + 3. Let n(i) = i**3 + i**2 - 1. Give n(z).
-1
Suppose 36 = 5*p - 2*p. Suppose 10 = -5*t, -10 - p = 3*w + 2*t. Let v(i) = i**3 + 7*i**2 + 6*i - 7. Calculate v(w).
-7
Let l(z) be the second derivative of 1/2*z**2 + 0 - 2*z + 1/12*z**4 - 5/6*z**3. Determine l(4).
-3
Suppose -4*w = -16, 4*w = 5*l + 2 - 6. Let